 be t(-20). Suppose 0 = -s*q - 8 - 47. Is (q/(-2))/((4/472)/1) prime?
False
Let a(y) = 846*y - 583. Is a(34) a prime number?
True
Let g(x) = 13*x**2 + 30*x - 26. Let k(a) = -13*a**2 - 30*a + 26. Let h(z) = 6*g(z) + 5*k(z). Is h(24) composite?
True
Suppose -4*u + 5*u = 5007. Let a = -3154 + u. Let o = a + -1062. Is o a prime number?
False
Let c be 12446 - ((-16)/(-12) + 3/(-9)). Suppose -10*d + c = 9*d. Is d composite?
True
Let d be (-2 - -2 - 1)*11133/3. Let p = d + 2179. Is (-4)/6 - p/12 composite?
False
Let k(m) = -9*m**2 - 28*m**3 - 14*m**2 + 11 + 16*m**2. Is k(-6) a composite number?
False
Suppose 2*l = 4*v + 2, 0 = -5*l + 3*v + v + 11. Suppose -g + 5*a + 3792 = g, -9480 = -5*g + 4*a. Suppose 3*z = -i + 5702, l*z - 2*z - g = -5*i. Is z composite?
False
Let p(z) = 5*z**2. Let y be p(-1). Suppose 15 = 3*k + 3*x, -y*k = x - 0*x - 13. Suppose k*g = -2*g + 2348. Is g composite?
False
Suppose 20 = i + 4*h, 2*i - 4*h - 1 = 3. Suppose 0 = i*x - 1656 - 4720. Is x a composite number?
False
Is (304/32)/((-7325)/7330 - -1) prime?
False
Suppose 0 = 8*y - 10*y - 5*g + 19, 2*y + 4*g = 16. Suppose y*z = -2*t - 0*t + 1780, -3*z + 2663 = -4*t. Is z a composite number?
True
Suppose -24*w + 6 - 6 = 0. Let u = 3 - 1. Suppose 353 = 3*n + 4*x, n + u*n + x - 365 = w. Is n prime?
False
Let s be ((-67)/(-3))/(5/(-15)) + 4. Is (-121135)/s + 4 + (-4)/(-18) composite?
True
Let j = -49733 + 18043. Is j/6*144/(-120) prime?
False
Suppose 2*j + 3*l + 7 = 37, 5*j = -2*l + 64. Suppose 6 = 2*s + j. Is (-1408)/(-2) - (0/s - -3) a prime number?
True
Let n = 100 + -99. Let y be 3 + (-1 - (3 + (-4 - n))). Is y/(-2)*(-3 - 11361/6) a composite number?
False
Suppose 2*z = i + 67, 5*z = 2*i + 98 + 69. Suppose -m + z = -4*m. Is -2506*(-1)/4*(-9 - m) a prime number?
False
Let y = -79 + 74. Let d be (30/y)/(-6) - -2. Is (752*1 - 2) + d composite?
True
Let u = 93659 + -60540. Is u a composite number?
False
Let h(n) = n**3 - 2*n**2 + 2*n. Let j be h(2). Suppose 2*w - f = 4069, -5*w = -6*w + j*f + 2045. Is w prime?
False
Let b(y) = -67*y + 15*y - 37 - 66*y. Let o(q) = q - 25. Let f be o(17). Is b(f) prime?
True
Let a = 689 + -689. Let z(d) = -86*d**3 + 7*d**2 + 1. Let c be z(-5). Suppose c = -a*g + 6*g. Is g a composite number?
True
Let x = 31455 - 15518. Is x prime?
True
Let m(w) = w**2 - 10*w + 21. Let d be m(5). Is 260 + 12*(d + 85/20) composite?
False
Suppose 3*t = m - 4*m - 42, 2*m - 3*t = -8. Is (1 - (3 + m)) + 10213 prime?
False
Let f(q) = -2433*q + 2433*q + 6552*q**2. Let u be f(1). Is u/40 + ((-16)/5)/4 composite?
False
Let q(j) be the second derivative of j**4/12 + 31*j**3/3 + 17*j**2/2 - 100*j + 1. Is q(20) composite?
False
Suppose 11*p + 140 = -36. Let n be ((-34697)/52)/(-1 - 14/p). Is n/12 - (-1)/(0 + 6) composite?
True
Let f(m) = 10786*m**2 - 3*m + 34. Is f(5) a prime number?
False
Let m(h) = 2*h**2 + 3*h + 7 - 2*h + 40*h**3 + 1 + 5. Is m(4) a composite number?
False
Let i(q) = q**2 + 7*q + 2. Let g be i(-7). Suppose -5*u + 9 - 4 = -3*c, 2 = -c + g*u. Is (-69)/(-1) - (-1)/(-2)*c prime?
False
Let g = -284053 + 432204. Is g a composite number?
False
Let y = 80 + -74. Is y/(-10) - 301480/(-50) a composite number?
False
Is 1/(-12) - (39301405/(-132))/11 prime?
True
Let f(n) = 23*n**2 + 9*n + 181. Is f(-48) prime?
False
Let j(a) = 28*a**2 + 5*a + 20. Let i(s) = s**2 - 4*s - 3. Let o be i(-2). Is j(o) prime?
True
Suppose -2430 = -7*m + 902. Suppose -3 = -0*n + n, -2*p = -2*n - m. Suppose 0 = -5*x + p + 250. Is x a prime number?
True
Let x(b) = -73*b - 8. Let h be ((-1)/2)/(3/(-12)). Let w(q) = -74*q - 7. Let u(m) = h*w(m) - 3*x(m). Is u(17) a composite number?
False
Let c = -81495 + 377756. Is c a prime number?
False
Suppose -3*c = -4*f + 9*f - 13883, 11102 = 4*f - 2*c. Let n be (-9)/(0 - 12/2776). Suppose f = 4*i + 4*w, -i - n = -4*i - 2*w. Is i composite?
True
Suppose 0 = -55*x + 23698030 + 8987865. Is x prime?
False
Let q = 397659 + -72088. Is q composite?
False
Suppose 5*y - 46119 = -0*i - i, -5*y + 46103 = -3*i. Is y prime?
False
Suppose 4*k - 14 = 2. Suppose -2*u = k*i - 42, 0 = 2*u - 0 + 2. Is i + 65 + (-1)/(-1) a composite number?
True
Is 1410954/4*(-61)/(3294/(-36)) a prime number?
True
Suppose p = -2*a + 40585, -5*a - 9*p + 4*p + 101460 = 0. Let y = a + -12287. Is 1/(-9)*-2 - y/(-18) composite?
True
Let d = 176 - 170. Let x(r) be the first derivative of 11*r**3/3 - r**2/2 + 7*r - 1. Is x(d) prime?
True
Suppose -19*n + 371748 = -6*n. Suppose 0 = -2*f - f - g + n, g + 28602 = 3*f. Is f a prime number?
True
Suppose -17*s + 21*s = 26340. Suppose 0 = -5*i - 25, i = -3*v - 2*v - s. Let c = 2587 + v. Is c a composite number?
True
Is 131406 + 2 + (-3 - 7 - -5 - -10) a composite number?
False
Let x(j) be the first derivative of -395*j**2/2 - 7*j - 12. Let u be x(4). Let i = u - -2318. Is i composite?
True
Suppose -3*h = 5*d - 10153061, -h + 2517539 = 3*d - 3574304. Is d a composite number?
False
Suppose -10*l + 245 = -405. Suppose -9*o - 20 + l = 0. Suppose o*p + 2645 + 2900 = 5*q, 4*p + 2208 = 2*q. Is q composite?
True
Suppose -28*k + 7*k = -378551 + 19220. Is k composite?
True
Let w = 8189 + -4067. Let r be (-7877)/4 + 2/8. Let n = r + w. Is n a composite number?
False
Let r = 682099 - 375812. Is r a prime number?
False
Let c(a) = -20301*a + 220. Is c(-3) composite?
True
Let s be 99/(-66)*1/(2/(-136)). Suppose -99*k = -s*k + 807. Is k a composite number?
False
Suppose 0 = 16*s - 21 - 27. Suppose -a = s*a - 2020. Is a composite?
True
Suppose 17*k - 16 = 21*k. Is k*(11378/(-8) - -5) prime?
True
Is ((-433556)/6 + -2 + 10)/(2/(-3)) composite?
False
Let l(i) = 8*i + 64. Let d be l(-8). Suppose -2 + 8 = 2*t, -f + 2*t + 1877 = d. Is f a prime number?
False
Let a(g) = -27724*g - 39*g**3 - 33*g**3 - 3*g**2 - 5 + 27714*g. Is a(-6) a prime number?
False
Suppose 16*i + 4002860 - 16786908 = 0. Is i composite?
False
Let q(s) = -5469*s - 83. Let m be q(-7). Suppose 11270 = -4*j - 2*u + m, -1 = u. Is j composite?
False
Let c = -543 - -547. Suppose -c*k = -5*l - 36063, 11*k - 9*k = -4*l + 18038. Is k a prime number?
False
Let l(w) be the third derivative of w**5/6 - 23*w**4/24 - 5*w**3 + 75*w**2. Is l(13) a composite number?
False
Suppose -b + 7*b - 30 = 0. Let w = 7431 + -780. Suppose -4*p - w = -b*o, -p = -o - o + 2658. Is o prime?
True
Let c be (-1 - (-39)/27)/((-6)/(-27)). Suppose c = 2*y - 2. Suppose y*g = -0*g + 2518. Is g a prime number?
True
Let t = -244065 - -700739. Is t prime?
False
Let l = 15 - 6. Let i(m) = 58*m**2 + 6*m + 31. Is i(l) prime?
True
Let z(h) = -3*h + 2*h**2 - 10 - 3*h**2 + 2*h + 13*h. Let m be z(10). Suppose 60080 = 6*r + m*r. Is r a prime number?
False
Let b be 2/(-2 - (-39)/21). Suppose 2*r + 26*j - 25*j - 430 = 0, 4*r = j + 866. Let h = r + b. Is h a composite number?
True
Suppose -29*i = -5*l - 27*i + 4012873, -5*l + 4*i + 4012881 = 0. Is l a prime number?
True
Let k = 11498 - 3945. Suppose 0*z - 4*z = -4*b + 6036, 0 = -5*b + z + k. Is b composite?
False
Let n(v) = -2*v**2 - 6*v + 9. Let x be n(-4). Is x*-4 - 6/(6/(-1661)) composite?
False
Suppose -15*l = -918373 + 172318. Suppose -6*y + l = -9*y. Is y/(-11) - (-8)/(-44) prime?
False
Suppose -5*x = 4*f - 126957, 3*x - 17752 = -2*f + 58423. Is x prime?
False
Suppose -4*j - 4*f = -2899 - 16237, -3*j - 2*f + 14346 = 0. Is j a composite number?
True
Is 3055905 - (-8 + 3 - (9 + -27 - -5)) composite?
True
Let b be (-3397 - 13) + 1*-4. Let f = b - -5827. Is f composite?
True
Suppose 18*a = 105 - 15. Suppose 0 = 3*p - 2*t - 2753, -3*t - 4586 = -a*p - 2*t. Is p prime?
False
Suppose 441*z - 442*z + o + 1040950 = 0, 3*z - 3122829 = -4*o. Is z prime?
True
Suppose 5*r + 10 = 4*k, k + 5*r = -k + 20. Suppose -17619 = -4*g + k*f, 746 + 3680 = g + 3*f. Is g a prime number?
False
Suppose -5*q - 4*h + h = 5, -3*h + 4 = -4*q. Suppose -56*u = 26*u - 182 + 838. Is (q/(-3))/(u/(-2928)) composite?
True
Suppose 2*c + 3841 - 18632 = -f, 5*c + 3*f = 36979. Let w = c - -1477. Is w a prime number?
False
Suppose -k = 5*y + 27, 0*y - 1 = 3*k - y. Let u(o) = 13*o + 34*o + 349*o**2 + 11 - 43*o - 2. Is u(k) a composite number?
True
Suppose -6*q = -15 - 69. Suppose -q*h = -12*h - 66. Is h composite?
True
Let r(d) = d**3 + 12*d**2 - 14*d - 15. Suppose -4*v + 11 - 63 = 0. Let u be r(v). Is (-2)/(-6)*(3 - -2478) - u composite?
False
Let j(h) = h